etermine a(-11).
-4
Let a(c) = -12*c + 49. Determine a(2).
25
Let n(i) = -i**3 - 8*i**2 + 16*i + 15. What is n(-10)?
55
Let y(b) = 2*b - 7. Determine y(5).
3
Let m(q) = -q - 24. What is m(19)?
-43
Let g(f) = -f**3 - f**2 + f - 6. Determine g(-4).
38
Let f(a) = 3*a**3 - 11*a**2 - 5*a + 5. What is f(5)?
80
Let q(l) = -l**2 + 5. Determine q(3).
-4
Let t(s) = -s + 2. Determine t(3).
-1
Let r(d) = d**3 + 6*d**2 - 8*d - 6. Give r(-7).
1
Let l(m) = -m**2 + 42. Give l(6).
6
Let d(q) = -q**3 + q**2 - q + 23. Determine d(0).
23
Let x(j) = -j**3 + 10*j**2 + 24*j - 9. What is x(12)?
-9
Let u(n) = -n**3 + 9*n**2 + 3*n - 14. What is u(9)?
13
Let c(m) = -m**3 - 16*m**2 - 29*m + 7. Calculate c(-14).
21
Let m(y) = -5*y**2 + 4*y - 3. Determine m(2).
-15
Let f(v) = -v - 8. Determine f(3).
-11
Let i(p) = -3*p + 5. Calculate i(16).
-43
Let x(t) = 2*t**2 - 3*t - 2. Calculate x(4).
18
Let d(l) = l**2 + 10*l + 3. Give d(-6).
-21
Let a(q) = 2*q**2 + 16*q - 12. Determine a(-13).
118
Let y(s) = s**3 - 2*s**2 - 6*s - 2. Give y(-2).
-6
Let x(k) = 5*k - 7. Determine x(2).
3
Let q(o) = o**2 + 42*o + 39. What is q(-41)?
-2
Let s(j) = -2*j - 76. What is s(-32)?
-12
Let m(y) = -2*y**2 - y + 3. Determine m(2).
-7
Let u(w) = -3*w**2 - 67*w + 45. Give u(-23).
-1
Let o(v) = -45*v + 18. What is o(0)?
18
Let a(v) = -v**2 - 3*v + 4. Give a(-3).
4
Let c(h) = 12*h + 166. What is c(-14)?
-2
Let o(n) = -n**2 - 10*n + 31. Calculate o(-13).
-8
Let j(t) = -t**3 - t + 16. Determine j(0).
16
Let i(g) = -g**2 - 44*g - 387. What is i(-13)?
16
Let j(y) = 32*y - 72. Calculate j(7).
152
Let s(v) = v**3 + 7*v**2 + 3*v. Give s(-7).
-21
Let o(i) = -i**2 + 2*i + 79. Determine o(10).
-1
Let k(a) = -10*a**2 + 82*a - 22. Calculate k(8).
-6
Let w(l) = l + 7. What is w(-3)?
4
Let g(m) = m - 20. Determine g(-14).
-34
Let l(o) = 2*o**2 - 83*o + 56. Give l(41).
15
Let p(r) = 2*r**3 - 101*r**2 + 54*r - 205. Calculate p(50).
-5
Let j(x) = x**3 + 3*x**2 - 5*x - 3. Give j(-4).
1
Let c(q) = q**3 + 13*q**2 - 14*q + 10. Calculate c(-14).
10
Let a(i) = 8*i + 1. Determine a(1).
9
Let d(y) = -y**2 - 3*y + 9. Calculate d(-5).
-1
Let b(u) = -u**3 - 13*u**2 + 24*u + 47. Calculate b(-14).
-93
Let l(u) = u**3 - 9*u**2 - 12*u + 15. Determine l(10).
-5
Let q(s) = s + 12. Determine q(-12).
0
Let v(w) = -4*w - 28. Calculate v(-10).
12
Let t(f) = -f**3 + 7*f**2 - 6*f + 8. Calculate t(6).
8
Let k(m) = m**3 + 3*m**2 + m + 1. Determine k(-3).
-2
Let c(d) = d**3 - 6*d**2 - 7*d + 6. What is c(7)?
6
Let b(k) = 11*k - 151. What is b(13)?
-8
Let g(v) = 3*v + 52. Determine g(-22).
-14
Let u(v) = 10*v - 217. What is u(20)?
-17
Let w(n) = -2*n**2 + 5*n - 3. Determine w(2).
-1
Let y(s) = 3*s - 24. What is y(6)?
-6
Let b(i) = -9*i + 40. What is b(8)?
-32
Let p(m) = m**2 - 4*m - 31. Determine p(6).
-19
Let u(l) = -l**3 + 3*l**2 - 7*l + 4. Calculate u(2).
-6
Let l(y) = -y**3 - 13*y**2 + 7. What is l(-13)?
7
Let g(a) = a**3 + 4*a**2 + 2*a - 5. Give g(-4).
-13
Let o(i) = 3*i - 6. Calculate o(3).
3
Let w(o) = -3*o**2 - 134*o + 50. Determine w(-45).
5
Let w(j) = -j**3 - 2*j**2 - 7*j - 21. Calculate w(-3).
9
Let o(b) = -b - 20. Calculate o(-14).
-6
Let o(n) = n - 12. What is o(15)?
3
Let x(i) = -15*i + 23. What is x(-1)?
38
Let h(c) = 10*c + 72. Give h(-8).
-8
Let h(i) = 5*i**2 - 5*i - 9. Give h(4).
51
Let r(l) = 7*l + 21. What is r(5)?
56
Let w(j) = j**3 - 14*j**2 + 18*j - 54. Calculate w(13).
11
Let m(s) = 2*s**2 + 69*s + 164. Determine m(-32).
4
Let m(i) = 4*i - 1. What is m(14)?
55
Let z(i) = -2*i - 40. Determine z(-23).
6
Let k(z) = z**2 - 17*z + 25. What is k(16)?
9
Let f(p) = -p**3 + 9*p**2 + 11*p - 18. Calculate f(10).
-8
Let k(h) = -h**3 + 41*h**2 + 3*h - 123. Calculate k(41).
0
Let f(d) = d**2 - 6*d - 30. Give f(9).
-3
Let c(n) = -24*n - 120. Give c(-5).
0
Let h(a) = -a**3 + 11*a**2 + 9*a - 90. Determine h(11).
9
Let n(r) = r**3 - 54*r**2 - 107*r - 277. Determine n(56).
3
Let c(v) = -11*v + 3. Determine c(-3).
36
Let g(z) = z**3 + 5*z**2 + z - 3. Give g(-4).
9
Let m(a) = -2*a. Give m(0).
0
Let j(y) = -18*y - 24. Calculate j(8).
-168
Let v(o) = 2*o**2 + 5*o + 9. Calculate v(-4).
21
Let i(q) = 43*q - 15. What is i(1)?
28
Let g(y) = -6*y + 6. Calculate g(4).
-18
Let w(z) = z**3 - 6*z**2 + 3*z + 4. Determine w(4).
-16
Let y(f) = -f**2 + f + 58. Determine y(8).
2
Let o(w) = w**3 + 2*w**2 - 4*w + 1. Determine o(3).
34
Let y(v) = v**3 - 9*v**2 + 10*v - 10. What is y(5)?
-60
Let w(x) = x**3 - 16*x**2 + 39*x - 5. Give w(13).
-5
Let n(l) = -5*l**2 + 6*l - 7. Calculate n(5).
-102
Let m(g) = g**2 + 33*g - 63. What is m(-35)?
7
Let r(m) = -m**3 - 6*m**2 + 7*m - 8. Give r(-7).
-8
Let q(v) = v**3 + 2*v**2 - 22*v + 8. Determine q(-6).
-4
Let j(b) = b**3 - 7*b**2 + 15*b - 21. Calculate j(6).
33
Let i(w) = w**3 - 29*w**2 - 62. Determine i(29).
-62
Let v(f) = f**2 + 8*f + 9. Calculate v(-3).
-6
Let u(s) = 2*s + 7. Give u(-9).
-11
Let v(f) = f**2 - 9*f + 7. Give v(6).
-11
Let z(f) = 7*f**2 - 54*f. Give z(8).
16
Let y(q) = -q**3 + 22*q**2 - 17*q - 54. Determine y(21).
30
Let i(a) = -a**3 + 2*a**2 - a + 4. Calculate i(3).
-8
Let a(i) = -31*i + 36. What is a(3)?
-57
Let a(q) = -2*q**2 - 23*q + 51. Give a(-13).
12
Let r(b) = 11*b - 2. Calculate r(-10).
-112
Let s(q) = q**3 - q**2 - 14*q - 4. What is s(-3)?
2
Let f(x) = -x**2 + x + 35. What is f(6)?
5
Let u(o) = -48*o**2 - 237*o + 6. Give u(-5).
-9
Let a(q) = q + 15. Calculate a(-9).
6
Let z(p) = 3*p**3 + 10*p**2 + 2*p + 2. Determine z(-4).
-38
Let b(h) = -11*h**2 - 10*h. What is b(-1)?
-1
Let z(p) = -p**2 + 5*p + 5. Calculate z(7).
-9
Let v(b) = 9*b + 100. Calculate v(-12).
-8
Let h(q) = 24*q - 4. Calculate h(-6).
-148
Let p(l) = 12*l. Calculate p(1).
12
Let f(a) = a - 44. What is f(52)?
8
Let o(a) = 2*a + 5. What is o(-5)?
-5
Let r(y) = -y**2 + 25*y + 63. Calculate r(27).
9
Let c(i) = -5*i**2 + i + 2. Determine c(-1).
-4
Let d(w) = -w**3 + w**2 - 9*w + 22. Calculate d(2).
0
Let q(s) = -s**3 + 22*s**2 + 50*s - 71. Give q(24).
-23
Let r(s) = -2*s + 45. Give r(20).
5
Let l(s) = -s**3 - 9*s**2 - 6*s + 2. Give l(-3).
-34
Let x(g) = -g**2 + 2*g + 3. Determine x(-4).
-21
Let r(y) = y**3 - 16*y**2 + 46*y + 9. Give r(12).
-15
Let k(c) = -12*c - 9. Give k(3).
-45
Let p(q) = q**3 + 5*q**2 - 148*q - 10. Give p(10).
10
Let o(b) = 2*b - 8. Give o(9).
10
Let j(a) = 2*a - 3. What is j(0)?
-3
Let l(m) = -m**2 + 2*m. Determine l(-3).
-15
Let t(f) = -f**3 + 2*f**2 + f - 6. Determine t(0).
-6
Let w(q) = q**3 - 3*q**2 - 5*q. Determine w(4).
-4
Let n(w) = -3*w - 84. Calculate n(0).
-84
Let c(l) = 37*l + 463. Calculate c(-12).
19
Let y(c) = c**3 + 2*c + 53. Give y(0).
53
Let c(f) = -f**3 + 6*f**2 + 3*f + 2. Give c(6).
20
Let u(t) = -t**3 + 13*t**2 - 28*t - 24. Determine u(10).
-4
Let t(g) = 3*g - 102. What is t(38)?
12
Let r(l) = 3*l**2 - 3*l - 3. What is r(-2)?
15
Let y(o) = -o**3 + 7*o**2 + 10. Determine y(4).
58
Let x(u) = u**2 - 9*u + 3. Give x(9).
3
Let m(d) = -d**2 - 2*d + 300. Give m(-20).
-60
Let n(v) = 3*v**2 + 3*v - 1. What is n(1)?
5
Let u(q) = q**2 - 12*q - 166. Give u(20).
-6
Let g(l) = l**3 + 6*l**2 - 3*l + 1. What is g(-7)?
-27
Let a(y) = 3*y + 19. Give a(-12).
-17
Let n(x) = -3*x - 50. Give n(-26).
28
Let x(c) = -5*c**2 - c + 1. Determine x(3).
-47
Let r(y) = y**3 - 9*y**2 - 13. Determine r(9).
-13
Let d(o) = -o**3 + 10*o**2 - 9*o - 14. What is d(9)?
-14
Let b(d) = -9*d**2 - d + 2. What is b(-2)?
-32
Let n(w) = -w**2 + 3. Give n(5).
-22
Let r(a) = -a + 8. Calculate r(10).
-2
Let o(b) = b**2 - 13*b + 47. Give o(8).
7
Let z(g) = -43*g + 1. Calculate z(-1).
44
Let p(b) = -4*b**3 + b**2 + 2*b + 1. Determine p(-1).
4
Let d(x) = -x**3 - 9*x**2 - 4*x + 9. Calculate d(-5).
-71
Let s(m) = 2*m**2 - 12*m - 19. Determine s(7).
-5
Let g(p) = -p**3 + 10*p**2 - 2*p - 7. Calculate g(9).
56
Let u(r) = r**3 + 6*r**2 + 7*r + 7. Determine u(-5).
-3
Let j(g) = 8*g + 7. Determine j(-3).
-17
Let m(v) = 5*v + 12. Determine m(-15).
-63
Let z(x) = x**3 - 10*x**2 + 2*x - 15. Determine z(10).
5
Let f(a) = a**3 + 15*a**2 + 7*a - 73. What is f(-14)?
25
Let b(m) = m + 5. What is b(-13)?
-8
Let t(d) = 7*d + 3. What is t(5)?
38
Let c(a) = -6*a - 15. Determine c(1).
-21
Let k(g) = g**3 - 6*g**2 - 6*g + 10. Calculate k(7).
17
Let r(c) = 36*c - 78. Give r(2).
-6
Let r(l) = l**3 + 5*l**2 - 15*l - 16. What is r(-7)?
-9
Let q(l) = l + 5. What is q(8)?